176?
1
Suppose 8 + 7 = -3*j, 5*j - 8 = 3*b. Let p = b + 31. Suppose 2*a = -4*u + 86, -190 = -4*a - 71*u + 66*u. What is the remainder when a is divided by p?
15
Suppose 788*a - 801*a = -2899. What is the remainder when a is divided by 88?
47
Suppose -36*p = 580 - 169 - 3219. Calculate the remainder when 82 is divided by p.
4
Suppose 14*b = -77619 + 78781. Calculate the remainder when 5721 is divided by b.
77
Calculate the remainder when (-8)/(56/(-21)) + 1202 + -2 is divided by 86.
85
Let n(z) = -86*z + 3496. Calculate the remainder when n(39) is divided by 18.
16
Let x(n) = -2*n + 1237. What is the remainder when x(60) is divided by 26?
25
Let y(k) be the second derivative of -k**3/3 + 12*k**2 - 75*k. What is the remainder when 42 is divided by y(0)?
18
Suppose -5*p + 5*f + 1432 = 1087, 2*f = 4. Calculate the remainder when 1062 is divided by p.
68
Let k = 37 + -10. Suppose 283*y = 83*y + 1000. Calculate the remainder when k is divided by y.
2
Suppose -c - 5*i + 605 = 0, -56*c = -61*c - i + 2881. Calculate the remainder when c is divided by 177.
44
Let k(i) = i**3 - 67*i**2 - 60*i - 331. What is the remainder when k(68) is divided by 58?
39
Suppose -z - 250 = -697*f + 695*f, 4*f = 3*z + 508. Calculate the remainder when 206 is divided by f.
85
Suppose 31 = -2*y - n + 97, -2*y + 70 = 2*n. Suppose -19*i + y*i - 1692 = 0. What is the remainder when i is divided by 74?
67
Let x(n) = -10*n**2 + 17*n + 151. Let m be x(-7). Let z = 475 + m. Calculate the remainder when z is divided by (0 + 1)*9/1.
8
Let q = 41918 - 41755. What is the remainder when q is divided by (-77)/28*(-21 + 1)?
53
Suppose 2*w - 5*s = 3*w + 790, s - 3076 = 4*w. Let u = w + 892. Let h = 24 - -7. Calculate the remainder when u is divided by h.
29
Let d(r) = -4*r + 147. Let b(v) = 45*v**2 + 108*v - 6. Calculate the remainder when b(-3) is divided by d(28).
5
Suppose -3*p + 91 + 62 = 0. Suppose -24*a + 5*b - 21 = -115, -5*b = -2*a - 38. What is the remainder when p is divided by a?
3
Let r(x) = 1200*x - 7171. Let q(v) = v**3 - 6*v**2 - 3*v + 7. Calculate the remainder when q(8) is divided by r(6).
24
Suppose -2294 = -79*u + 5*u. Calculate the remainder when u is divided by 7.
3
Suppose -4*v - 60 = 4*h - 116, 12*v + 21 = -3*h. Let k = -140 - -237. Calculate the remainder when k is divided by h.
13
Let r = -4976 - -5163. What is the remainder when 468 is divided by r?
94
Let w = -66 + 231. Calculate the remainder when 14/((-11)/(w/(-6))) is divided by 19.
16
Let g(i) = 6*i - 22. Let r be g(8). Let c = r + -49. Let u = c - -43. What is the remainder when 97 is divided by u?
17
Let s be ((-104)/(-60) + (-12)/30)*3. Suppose -s*n + 43 = 3*v, -2*n = -2*v + 1 + 9. What is the remainder when 15 is divided by v?
6
Let q be (-24)/48 - 70/(-4). Suppose 16*z + 47 = 3*v + q*z, -80 = -5*v - 2*z. Calculate the remainder when v is divided by 3.
2
Let s(l) = 12*l + 7. Suppose 0 = -4*f + 2 + 18. What is the remainder when s(f) is divided by (-6)/4 + -629*38/(-1292)?
16
Let c(d) = d**2 + 10*d + 1. Let i be c(-7). Let l(h) = -95*h - 14 + 12 + 96*h + 27. What is the remainder when 8 is divided by l(i)?
3
What is the remainder when 76 is divided by 49 + ((-35)/(-20) + 4/16)/2?
26
Suppose -5*h - 8*h = 8*h - 1092. Suppose 12 = -3*g, -p + 8 = 3*g - 0*g. What is the remainder when h is divided by p?
12
Let m(t) = 3*t - 7. Let g = 31 - 29. Calculate the remainder when (-12)/(-9) - g/6 - -17 is divided by m(4).
3
Let w(f) = -7*f + 4. Let c(l) = -l**2 + l + 1. Let d(z) = 7*z**2 + 11*z - 46. Let r(j) = 3*c(j) + d(j). What is the remainder when r(5) is divided by w(-4)?
31
Let i be ((-1)/(-8))/(20/480). Let p(o) = 4*o + 19. Let g(h) = 7*h + 37. Let n(w) = 6*g(w) - 11*p(w). Calculate the remainder when 12 is divided by n(i).
5
Let g(p) = -1 - 6*p**2 + 2*p**3 + p**2 - 3*p**3 + 3*p**2 - 3*p. What is the remainder when 57 is divided by g(-3)?
6
Let m(r) = 28*r + 160. Let x be m(4). Calculate the remainder when 1 + 2 + 0 - x/(-4) is divided by 15.
11
Suppose 2*g + 5*s = 100, 3*s - s - 8 = 0. Let h = -12 - -12. Suppose h = -t + 128 - 10. Calculate the remainder when t is divided by g.
38
Let t be ((-133)/(-14) + -10)/((-1)/1000). Let b = -444 + t. What is the remainder when b is divided by 1*4*(6 + -1)?
16
Let h = -6963 + 6977. Calculate the remainder when 33289 is divided by h.
11
Let l = 6306 - 4316. Suppose 17*c + 1 = l. What is the remainder when c is divided by 17?
15
Suppose -5*u - 3*f = 188, -5*f = -f + 4. What is the remainder when (-2 - 3/3)/(u/222) is divided by (-44)/(-6)*(-3)/(-2)?
7
Suppose h - 21 = 4*s + 22, -4*h = -s - 127. Let g be (10 - -4)*6/4. Let x = -10 + g. Calculate the remainder when h is divided by x.
9
Suppose -8*f + 7*f = 4*h - 12, 4*f = -h + 3. Suppose f*a + 6*a = 72. Calculate the remainder when 81 is divided by a.
9
Let a(w) be the third derivative of -w**4/3 + 17*w**3/3 - 3*w**2. Let v(f) = f. Let n(u) = a(u) + 10*v(u). Calculate the remainder when n(0) is divided by 12.
10
Let a(v) = -29*v + 307. Let j be a(16). Let y = 187 + j. Calculate the remainder when 112 is divided by y.
22
Suppose -4*a = -l - 267, -4*a + 0*l + 282 = 2*l. Let y be (-8)/(-6)*24/32. Calculate the remainder when a is divided by 6/(-9)*y/2*-30.
8
Calculate the remainder when 7038 is divided by ((-318)/(-84) + 57/(-38))*28.
62
Let r(k) = k**2 + 61*k + 670. What is the remainder when 152 is divided by r(-49)?
70
Let c = 4284 + -3856. Calculate the remainder when c is divided by 423.
5
Let y(q) = 55*q**2 - 62*q + 20. Calculate the remainder when y(4) is divided by 28.
8
Suppose -20 = -2*k + k - s, 2 = 2*s. Let y = 1 - -27. Suppose -184 - y = -4*c. What is the remainder when c is divided by k?
15
Suppose -3635*g = -3636*g + 50. What is the remainder when 212 is divided by g?
12
Suppose -39 = -3*a - 3*r, 0 = -3*a + 14*r - 15*r + 47. Calculate the remainder when 934 is divided by a.
16
Let y be (-20)/25*(2 - 1)*-5. Suppose -5*z - 4*m = -30, -y*m + m = -4*z + 24. Suppose z = 2*j - 14. Calculate the remainder when 33 is divided by j.
3
Let b(f) = f**3 + 6*f**2 - 10*f - 36. What is the remainder when 80 is divided by b(-3)?
17
Let b(t) = -4*t**2 - 23*t + 30. Let z be b(-7). Let c(o) = 1 + o + 3*o + 3*o**2 - 3. Calculate the remainder when c(z) is divided by 11.
9
Let i(l) = l**3 - 6*l**2 - 11*l - 1. Let c be i(7). Let j = c - -29. Suppose -4*o + 7*o - 48 = j. Calculate the remainder when o is divided by 3.
1
Suppose 0 = -11*k + 2*s + 16828, 4*k + 3*s = 1995 + 4128. Calculate the remainder when k is divided by 77.
67
Suppose 44 = 4*w - 4*b - 100, 5*w = -3*b + 180. Let f = 82 - w. What is the remainder when 182 is divided by f?
44
What is the remainder when 2661 is divided by (-6)/2 + (-3)/((12/100)/(-3))?
69
Suppose -4*a - 110 = -3*l, l + 112 = a + 148. What is the remainder when 1130 is divided by l?
8
Suppose 3*q + 3*q + 4548 = 0. Let l = q - -1481. Calculate the remainder when l is divided by 29.
27
Let l be 2/(12/3730) + (-8)/12. Let p = l - 551. What is the remainder when 149 is divided by p?
9
Let f(h) = -h**2 + 103*h - 186. Calculate the remainder when f(96) is divided by 49.
45
Suppose -d = 3*c - 10, -4*d - 5*c + 16 = -3*d. Let u be 3*7/(-7) + (1 - d). Calculate the remainder when (u - -2)*-2*(-98)/(-4) is divided by 17.
15
Suppose 12*q = -245 - 1231. Let y = -68 - q. Let a(g) = -g**2 - 14*g - 5. What is the remainder when y is divided by a(-11)?
27
What is the remainder when 800 is divided by (-31 - (-26685)/360) + 1*1/(-8)?
26
Suppose -4*m + 17 = 9. Suppose -18*k + m*k = -80. Suppose 2*o - k*o = -15. Calculate the remainder when 33 is divided by o.
3
Suppose 8 = 3*p + v - 18, -3 = 3*v. Suppose p = -3*u, 0*b + 2392 = 2*b - 4*u. Suppose -8*x + b = 6*x. Calculate the remainder when x is divided by 22.
19
What is the remainder when 748 is divided by (474560/45)/64 - (-2)/9?
88
Let h be 15/((-60)/(-88)) - (3 - 1). Let c be (1 + 1)*(-22 + h). Calculate the remainder when 82 is divided by 2/(-2)*-41 + c/(-2).
39
Let w(v) = 73*v - 41. Let r be w(5). Let s = 490 - r. Calculate the remainder when s is divided by 24.
22
What is the remainder when 740 is divided by (-138)/(((-1)/12)/(2/18)) + 6?
170
Let q = -4254 - -8095. What is the remainder when q is divided by 38?
3
Let c(a) = 15*a**2 + 5*a + 18. Calculate the remainder 